rime factors of q?
3, 11, 71
Let v = -14 - -69. What are the prime factors of v?
5, 11
Suppose 4141 = 5*s + w - 2*w, s = 3*w + 831. Let n be ((-2)/(-3))/((-12)/s). List the prime factors of 0 - n - 3 - 3.
2, 5
Let t(p) = -104*p + 27. What are the prime factors of t(-13)?
7, 197
Suppose 9*d - 6*d - 807 = 0. What are the prime factors of d?
269
Let d(p) = -p**3 - 4*p**2 - 5*p + 12. Let h be d(-6). Suppose 12*g = 10*g + h. What are the prime factors of g?
3, 19
Let x(p) = 263*p**2 + 19*p - 46. What are the prime factors of x(2)?
2, 3, 29
Let v = 33 - 19. Let i = v + 13. Suppose 8*h = i + 301. What are the prime factors of h?
41
Suppose 17*o + 36 = 11*o. Suppose -5*s = 81 + 24. What are the prime factors of s*14/o*1?
7
Suppose 20405 = 190*y - 179*y. List the prime factors of y.
5, 7, 53
Let t = -159 + 163. Let n(f) = -f**2 - 8*f + 3. Let b be n(-8). Suppose 67 = -b*h + t*h. What are the prime factors of h?
67
Suppose 0 = -2*t + 8 - 2. Let c be 2 + 73 + t + -6. Suppose -4*z + c - 20 = 0. List the prime factors of z.
13
List the prime factors of ((-15)/(-3 - 0))/((-9)/(-2205)).
5, 7
Suppose -1 - 7 = -2*x. Suppose -4*d + 16 = a, d = 5*a - 0 + x. Suppose -d*t - 150 = -9*t. List the prime factors of t.
2, 3, 5
Let w = 182 - -154. What are the prime factors of w?
2, 3, 7
Let i = -39 + 41. List the prime factors of i*-17*(0 - 1).
2, 17
Let y be (4/(-12))/((-3)/54). Suppose -287 = -3*p + 5*k, 2*p = y*p + 5*k - 441. Suppose -p = -5*n + n. What are the prime factors of n?
2, 13
Let y = 36 + -18. Suppose f - 5*v - 34 = 0, v = -0*f + f - 42. Let l = f - y. List the prime factors of l.
2, 13
Suppose 101*o + 6254 = 2*f + 103*o, f = 5*o + 3103. List the prime factors of f.
3, 347
What are the prime factors of ((-426)/(-5))/((-25)/(-250))?
2, 3, 71
Let i = -138 - -95. Suppose -28 = 3*q - 2*q. Let g = q - i. What are the prime factors of g?
3, 5
Suppose -5*x - 11 - 9 = 0. Let d = 5 - x. Suppose -6*q - 198 = -d*q. List the prime factors of q.
2, 3, 11
Let a(r) = -r**2 - 4*r. Let o be a(-3). Let g(l) be the second derivative of l**5/20 + l**4/12 - l**3/2 + 2*l**2 + 2*l. What are the prime factors of g(o)?
31
Let s(o) = 2*o**3 - 3*o**2 + 2. Let d be s(2). What are the prime factors of (7 + d/(-6))*58/2?
2, 3, 29
Let y = -13 - -15. Suppose y*c - 2 = c. Suppose -4*k + 46 + 26 = -5*o, 5*o - 36 = -c*k. What are the prime factors of k?
2, 3
Let b(l) = -2*l. Let s be b(-1). Suppose s*a - 2 = 8. What are the prime factors of (12 - 8)*(a - 2)?
2, 3
Suppose -5*f - 46 = -p, -2*p - 3*p = -2*f - 184. Let u = 88 - p. Suppose 0 = -4*s - u + 192. List the prime factors of s.
5, 7
Let a(c) = c**2 + 9*c + 196. Let f(j) = 4*j**2 + 37*j + 785. Let t(b) = 9*a(b) - 2*f(b). What are the prime factors of t(0)?
2, 97
Let v = 312 + -185. What are the prime factors of v?
127
Suppose 0 = -8*z + 5*z. Suppose -u + 27 + 38 = z. What are the prime factors of u?
5, 13
Suppose -4*u = 3*c + 52 - 194, -4*u = -c - 150. Suppose -u*i + 32*i + 85 = 0. What are the prime factors of i?
17
Suppose 0 = -6*j + j. Suppose 2*n + 3*z - 142 - 8 = j, -225 = -3*n - 4*z. Suppose -v = 2*v - n. What are the prime factors of v?
5
Let c(n) = 3*n - 5. Let m be c(-3). Let z = m + 17. Suppose z*t - 19 - 20 = 0. List the prime factors of t.
13
Let b(n) = 2*n**2 - 4*n + 2. Let l be b(2). Suppose -22*s - 6 = -24*s. Suppose -13 = -u - l*v, -4*u + u + 39 = -s*v. List the prime factors of u.
13
Let z be (4/12)/(1/6). Suppose -s + 78 = -z. What are the prime factors of s?
2, 5
Suppose 4*b + 3 = -37. Let r be 2/5 + 4/b. Suppose -4*s - f = -0*f - 72, r = 3*s - 4*f - 54. List the prime factors of s.
2, 3
Let g(p) = 9*p + 3. Let a be g(3). Suppose 3*h - 2*s - s - a = 0, 2*s = -4. What are the prime factors of 464/10 + h/(-20)?
2, 23
Suppose -5*g - 807 = -2*j, 6*j + g = 4*j + 777. List the prime factors of j.
17, 23
Suppose l = -4*l + 15. Suppose l*m + 4*k - 8 = 0, -k - 1 + 3 = m. Suppose m = 3*y + y - 108. List the prime factors of y.
3
Let p = 8 + -6. Suppose 209 = 2*v - 3*q, p*q - 1 = q. Let c = v + -61. What are the prime factors of c?
3, 5
Let z(t) = 150*t**3 - 3*t**2 - 7*t + 8. What are the prime factors of z(2)?
2, 3, 197
Let o = 587 + -297. List the prime factors of o.
2, 5, 29
Suppose h - 4 = 6. Let k = 10 + h. Suppose 2*g = -0*g + k. What are the prime factors of g?
2, 5
Let k(d) be the first derivative of 15*d**2 + 30*d + 29. What are the prime factors of k(7)?
2, 3, 5
Let u = 46 + -48. Let s = 119 - u. What are the prime factors of s?
11
Let u(s) = 1130*s**3 - 2*s**2 - 7*s + 8. List the prime factors of u(1).
1129
Let y be (16/4)/4*19. Suppose -201 = y*f - 22*f. List the prime factors of f.
67
Let c = -32 - -23. Let j(x) = 2*x**2 + 2*x**2 + 22 - 3*x**2 + 3*x. What are the prime factors of j(c)?
2, 19
Let r be (-56)/(-308) - -8*(-8)/(-11). What are the prime factors of 30*1 + -2 + r + -6?
2, 7
Let n = 0 - -6. Let h = 18 - n. What are the prime factors of h?
2, 3
Let l(u) = 22*u - 50. What are the prime factors of l(14)?
2, 3, 43
Let q be (-2)/(-1) - (-13 + 1). List the prime factors of (-4)/(8/(-2))*q.
2, 7
Let s be (-513)/(-15) - (-3)/(-15). Let i = s + -9. Suppose 5*y - 185 = -i. What are the prime factors of y?
2
Let c(a) = 3*a - 2. Let t be c(6). Suppose 55 = 3*s - 5*v, s - 2*v = 2*v + t. Let z = s - -4. What are the prime factors of z?
2, 3
Suppose -s + 3 - 41 = 0. Let f = -130 - -88. List the prime factors of s/(-4) + f/(-28).
11
Suppose 9 = 4*h - 11. Suppose 6*w = -76 + 424. Suppose -17 = -h*u + w. What are the prime factors of u?
3, 5
Suppose -2*h + 7*h + 3*k = 8591, h - 1729 = 3*k. List the prime factors of h.
2, 5, 43
Let n(d) = -d**2 + 7*d + 3. Let c be n(8). Let m = c - -34. What are the prime factors of m?
29
Let x = 24 + -22. Suppose 4*o - 2*c = -110, x*o + c + 125 = -2*o. Let j = -19 - o. What are the prime factors of j?
11
Suppose c - 156 = -11*c. Suppose -9*x - 976 = -c*x. What are the prime factors of x?
2, 61
Let b(g) = 11*g - 65. Let t be (-9*2/(-30))/(2/40). List the prime factors of b(t).
67
Suppose 0*y = -8*y. Suppose -3*p + 5*p - 44 = y. What are the prime factors of p?
2, 11
Suppose -3 = s, -15*u + 10*u + 3705 = 5*s. List the prime factors of u.
2, 3, 31
Let b = -575 - -1179. What are the prime factors of b?
2, 151
Suppose 165 - 2711 = -2*b - 4*h, 2551 = 2*b + 5*h. What are the prime factors of b?
3, 421
Let f(i) = -i**2 - i - 1. Let v(j) = -6*j - 2*j**2 - 6 + 0*j - 8*j - 2*j. Let t(p) = -3*f(p) + v(p). List the prime factors of t(16).
3, 5
Let x = 133 - 195. Let u = x - -110. Let z = 96 - u. List the prime factors of z.
2, 3
Let p(n) = n**3 - 2*n**2 - 48. Let v be p(0). Let z = -186 + 119. Let a = v - z. List the prime factors of a.
19
Let y(b) = b**2 + 7*b - 4. Let w be y(3). Suppose 14*r - w = 12*r. Suppose 43 - r = 2*n - 4*k, n - 13 = 3*k. What are the prime factors of n?
19
Let q = -23 - -16. Let o(v) be the first derivative of -5*v**2/2 - 6*v + 4. What are the prime factors of o(q)?
29
Let q(p) = 15*p**2 - 28*p**3 - 2*p - 1 + 12*p**2 - 29*p**2. Suppose 3*z = -1 - 2. List the prime factors of q(z).
3
Suppose -3*y - 45 = -0*y. Let a = 3 + y. Let d = a - -46. List the prime factors of d.
2, 17
List the prime factors of ((-32)/56)/((-3)/21)*110.
2, 5, 11
Let h be (-8)/(-20)*(6 + -1). List the prime factors of 142/10 + h/(-10).
2, 7
Let m(x) = -27*x + 3. Let d be m(-4). Suppose j - 41 = 7*n - 4*n, d = 3*j + 3*n. List the prime factors of j.
2, 19
Let r be (-3)/(-6)*(1 - -45). Let k = r + 48. What are the prime factors of k?
71
Let u be (-8 - 82)*(-120)/9. Suppose 0 = -6*o + o + u. What are the prime factors of o?
2, 3, 5
What are the prime factors of 2/(-24) - 279972/(-432)?
2, 3
What are the prime factors of ((-706)/8)/(3/(-108))?
3, 353
What are the prime factors of 2/(-6)*(-3831 - (-8 - 4))?
19, 67
Suppose -8*f + 20517 = -26299. List the prime factors of f.
2, 7, 11, 19
List the prime factors of 15330/138 - (-22)/(-253).
3, 37
Suppose -4 = -2*s - 2. Let z(x) = s - x - 2 - 3*x - 2*x. List the prime factors of z(-3).
17
Let o be 2502/24*84/9. Suppose -n + 3*n = -5*i + o, -2*n = 4*i - 778. What are the prime factors of i?
3, 5, 13
Let x = 89 + -64. Let a = x - 25. Suppose a = 4*f - 119 + 31. What are the prime factors of f?
2, 11
Let s(c) = -c**2 + 64*c - 21. List the prime factors of s(18).
3,